osite number?
True
Is 2453089 a prime number?
True
Is 1439 prime?
True
Is 7123 composite?
True
Is 264599 a composite number?
False
Is 129985 a prime number?
False
Is 634787 a composite number?
True
Is 1991 a prime number?
False
Is 36319 a prime number?
True
Is 19889 a composite number?
False
Is 1374157 a prime number?
True
Is 23515 composite?
True
Is 8329 prime?
True
Is 1325609 composite?
True
Is 80113 prime?
False
Is 6769 composite?
True
Is 148061 a prime number?
True
Is 63445 composite?
True
Is 42153 a prime number?
False
Is 11303 a prime number?
False
Is 19945 a prime number?
False
Is 121161 a prime number?
False
Is 336929 prime?
True
Is 843 a prime number?
False
Is 1165 composite?
True
Is 49771 composite?
True
Is 163479 a composite number?
True
Is 16291 a prime number?
False
Is 43971 composite?
True
Is 23285 a prime number?
False
Is 150781 composite?
True
Is 550427 prime?
True
Is 18041 a prime number?
True
Is 49909 a prime number?
False
Is 19309 a prime number?
True
Is 4751 a composite number?
False
Is 19661 composite?
False
Is 71191 prime?
True
Is 50473 a prime number?
False
Is 47903 a prime number?
True
Is 28641 a composite number?
True
Is 8081 composite?
False
Is 11159 composite?
False
Is 233171 a prime number?
False
Is 7121 prime?
True
Is 10189 a prime number?
False
Is 59141 composite?
False
Is 2603 a prime number?
False
Is 106871 a composite number?
False
Is 130099 a prime number?
True
Is 285745 prime?
False
Is 1949327 a composite number?
False
Is 4126081 prime?
True
Is 113927 a composite number?
True
Is 11441 a prime number?
False
Is 443911 prime?
False
Is 3937 composite?
True
Is 2477 composite?
False
Is 14867 a prime number?
True
Is 96374 a prime number?
False
Is 32177 a composite number?
True
Is 262921 composite?
True
Is 135455 a prime number?
False
Is 8803 a composite number?
False
Is 95777 a prime number?
False
Is 6247 composite?
False
Is 111161 prime?
False
Is 319027 a prime number?
True
Is 20017 a prime number?
False
Is 12269 composite?
False
Is 21517 composite?
False
Is 77709 prime?
False
Is 8141 a composite number?
True
Is 274535 a composite number?
True
Is 191 composite?
False
Is 15427 prime?
True
Is 104063 a prime number?
False
Is 7121 a prime number?
True
Is 34781 a prime number?
True
Is 2467 a composite number?
False
Is 148331 composite?
False
Is 110429 a prime number?
False
Is 192931 prime?
True
Is 274301 a composite number?
False
Is 190201 a composite number?
True
Is 3271 composite?
False
Is 16894 a prime number?
False
Is 38803 a prime number?
True
Is 14369 prime?
True
Is 110947 a prime number?
True
Is 2691373 prime?
True
Is 49589 composite?
True
Is 5189027 a prime number?
True
Is 390869 prime?
True
Is 3345629 a prime number?
False
Is 4987 composite?
False
Is 15891 a prime number?
False
Is 16711 composite?
True
Is 118511 prime?
False
Is 23813 composite?
False
Is 279253 composite?
True
Is 161297 composite?
True
Is 10541 prime?
False
Is 3683 a composite number?
True
Is 82799 prime?
True
Is 75199 composite?
True
Is 6821 composite?
True
Is 51581 a composite number?
False
Is 1532209 a composite number?
True
Is 4421 prime?
True
Is 3643597 composite?
True
Is 2453 composite?
True
Is 56246 prime?
False
Is 11957 a prime number?
False
Is 731219 prime?
True
Is 80903 composite?
True
Is 8456795 a prime number?
False
Is 248579 a prime number?
True
Is 261509 a prime number?
True
Is 14971 a composite number?
True
Is 114193 prime?
True
Is 86741 a composite number?
True
Is 10841 a composite number?
True
Is 997 a prime number?
True
Is 14951 prime?
True
Is 86221 a composite number?
True
Is 566279 a prime number?
False
Is 10903 a composite number?
False
Is 17519 a prime number?
True
Is 18397 a prime number?
True
Is 89977 composite?
False
Is 5947 a composite number?
True
Is 62459 a prime number?
True
Is 180454 a composite number?
True
Is 21059 a prime number?
True
Is 101917 a composite number?
False
Is 12143 composite?
False
Is 90437 a prime number?
True
Is 830729 a prime number?
True
Is 409093 a prime number?
False
Is 556651 a prime number?
True
Is 7993 prime?
True
Is 4379 composite?
True
Is 134741 a composite number?
False
Is 2056773 composite?
True
Is 20019 prime?
False
Is 4099 a prime number?
True
Is 1889 a composite number?
False
Is 1729031 a prime number?
False
Is 797 composite?
False
Is 269089 a composite number?
False
Is 10771 a composite number?
False
Is 45053 prime?
True
Is 4637 a composite number?
False
Is 2480479 a composite number?
False
Is 15971 composite?
False
Is 23185 a prime number?
False
Is 8663 prime?
True
Is 156347 composite?
False
Is 1151 prime?
True
Is 20507 a prime number?
True
Is 47877 prime?
False
Is 172477 prime?
False
Is 288062 a prime number?
False
Is 350171 composite?
True
Is 54953 prime?
False
Is 9233 a prime number?
False
Is 1282057 a prime number?
False
Is 66046 prime?
False
Is 123419 composite?
False
Is 27127 a prime number?
True
Is 18611 prime?
False
Is 28151 composite?
False
Is 34583 a composite number?
False
Is 1543 a composite number?
False
Is 33133 a prime number?
False
Is 2231 a prime number?
False
Is 2153 composite?
False
Is 102437 a composite number?
False
Is 22117 prime?
False
Is 558193 composite?
True
Is 324557 a prime number?
True
Is 39419 a composite number?
False
Is 8171 prime?
True
Is 38953 prime?
True
Is 13829 a composite number?
False
Is 51643 a prime number?
False
Is 58693 prime?
True
Is 1865 prime?
False
Is 37039 a composite number?
False
Is 219 a prime number?
False
Is 142867 prime?
True
Is 12731 composite?
True
Is 104491 a composite number?
False
Is 29009 a prime number?
True
Is 130729 prime?
True
Is 59287 a prime number?
False
Is 20203 a prime number?
False
Is 8069 a prime number?
True
Is 129799 a composite number?
True
Is 57802 prime?
False
Is 258745 composite?
True
Is 2074217 a composite number?
False
Is 802909 prime?
True
Is 35023 a composite number?
False
Is 5507 a composite number?
False
Is 4391 a composite number?
False
Is 22863 prime?
False
Is 41641 prime?
True
Is 59263 prime?
True
Is 14107 prime?
True
Is 16333 a prime number?
True
Is 1191077 a composite number?
False
Is 1528637 a prime number?
False
Is 139306 a composite number?
True
Is 25115 a prime number?
False
Is 8329 composite?
False
Is 22255 a composite number?
True
Is 25442 prime?
False
Is 210071 composite?
False
Is 1649 a composite number?
True
Is 13303 a prime number?
False
Is 40387 prime?
True
Is 6185 prime?
False
Is 351023 a composite number?
False
Is 5939 composite?
False
Is 1443433 a prime number?
False
Is 44953 composite?
False
Is 853 prime?
True
Is 755539 prime?
True
Is 80527 a composite number?
False
Is 16733 composite?
True
Is 513037 a composite number?
True
Is 105538 prime?
False
Is 312901 composite?
True
Is 26998 prime?
False
Is 302 a composite number?
True
Is 622903 composite?
True
Is 638527 a composite number?
False
Is 49139 composite?
False
Is 17657 composite?
False
Is 544809 prime?
False
Is 10301 composite?
False
Is 80561 prime?
False
Is 16945 a prime number?
False
Is 31469 prime?
True
Is 261347 prime?
True
Is 31133 prime?
False
Is 2927 composite?
False
Is 223411 a composite number?
True
Is 2897 a composite number?
False
Is 736607 composite?
False
Is 6353 a composite number?
False
Is 7613 prime?
False
Is 3052513 a composite number?
False
Is 85753 a composite number?
True
Is 227446 a composite number?
True
Is 56237 prime?
True
Is 145 a prime number?
False
Is 9961 prime?
False
Is 222419 prime?
True
Is 850823 prime?
True
Is 67621 prime?
False
Is 1882217 a composite number?
True
Is 395 a composite number?
True
Is 9727 composite?
True
Is 149069 a composite number?
False
Is 280321 composite?
False
Is 2359237 a prime number?
False
Is 157721 a prime number?
True
Is 3899941 composite?
False
Is 9643 prime?
True
Is 1017431 composite?
True
Is 901 a composite number?
True
Is 8209 a composite number?
False
Is 78779 composite?
False
Is 18713 a prime number?
True
Is 175169 prime?
False
Is 87467 a prime number?
False
Is 159947 a prime number?
False
Is 12517 prime?
True
Is 9167 a composite number?
True
Is 403649 composite?
False
Is 282709 composite?
True
Is 2099465 composite?
True
Is 9533 composite?
False
Is 708979 composite?
False
Is 446647 a prime number?
True
Is 19181 a composite number?
False
Is 3191 composite?
False